lculate the highest common divisor of 28 and 2157750.
14
Calculate the greatest common divisor of 40 and 7260.
20
Calculate the greatest common divisor of 3609 and 18847.
401
Calculate the highest common factor of 330 and 4190.
10
Calculate the greatest common factor of 5 and 12790.
5
Calculate the greatest common divisor of 3472 and 165354.
434
What is the greatest common divisor of 48 and 587352?
24
Calculate the greatest common divisor of 19071 and 2977.
13
Calculate the greatest common factor of 160 and 15380.
20
What is the highest common factor of 729771 and 28025?
1121
What is the greatest common divisor of 656454 and 222?
222
What is the highest common divisor of 1472 and 4672?
64
What is the greatest common divisor of 121 and 117007?
121
Calculate the highest common factor of 15 and 56235.
15
Calculate the greatest common divisor of 28159 and 1305.
29
What is the greatest common divisor of 150161 and 176?
11
Calculate the greatest common factor of 630 and 2304.
18
Calculate the greatest common factor of 87835 and 165.
55
What is the highest common divisor of 612076 and 184?
92
Calculate the greatest common divisor of 23616 and 8487.
369
What is the greatest common divisor of 228 and 12162?
6
What is the highest common divisor of 4579 and 24377?
19
Calculate the greatest common divisor of 67872 and 2856.
168
Calculate the highest common divisor of 6887208 and 6.
6
What is the highest common factor of 220 and 49390?
110
What is the highest common factor of 17160 and 3620?
20
Calculate the highest common factor of 12834 and 44298.
414
What is the highest common factor of 14 and 176078?
14
What is the greatest common divisor of 57 and 8075?
19
What is the highest common divisor of 735440 and 1902?
634
Calculate the greatest common divisor of 30639 and 126.
21
Calculate the greatest common factor of 41306 and 76.
38
What is the greatest common factor of 40770 and 405?
135
Calculate the highest common factor of 491 and 1137647.
491
Calculate the highest common divisor of 225 and 28300.
25
What is the greatest common divisor of 300 and 985650?
150
What is the highest common factor of 509704 and 464?
232
Calculate the highest common factor of 88 and 260744.
88
Calculate the greatest common divisor of 135831 and 57.
57
Calculate the highest common divisor of 18612 and 143.
11
What is the highest common divisor of 3039315 and 15?
15
What is the greatest common factor of 8851 and 668?
167
What is the highest common factor of 59475 and 250?
25
What is the highest common factor of 670282 and 4712?
1178
What is the highest common divisor of 272 and 61744?
272
What is the greatest common factor of 6987 and 1781?
137
What is the highest common factor of 19 and 102847?
19
What is the highest common factor of 424632 and 416?
104
What is the greatest common divisor of 1148538 and 3852?
642
What is the highest common divisor of 1708 and 56?
28
What is the greatest common factor of 16 and 55456?
16
What is the highest common factor of 136 and 1107958?
34
Calculate the highest common divisor of 336 and 222264.
168
What is the greatest common divisor of 450478 and 3542?
322
What is the greatest common divisor of 956 and 211754?
478
Calculate the highest common factor of 2580 and 240.
60
What is the greatest common factor of 5250 and 644?
14
Calculate the highest common divisor of 1111 and 33.
11
What is the highest common factor of 8 and 96568?
8
Calculate the greatest common factor of 95 and 7011.
19
Calculate the greatest common factor of 52 and 311012.
52
Calculate the highest common divisor of 516 and 1118.
86
Calculate the highest common factor of 11 and 45254.
11
What is the greatest common factor of 12208 and 84?
28
What is the greatest common divisor of 146 and 73365?
73
What is the greatest common divisor of 3695 and 317031?
739
Calculate the highest common factor of 10845 and 750.
15
Calculate the highest common divisor of 1523816 and 280.
56
Calculate the highest common divisor of 773240 and 520.
520
Calculate the highest common factor of 3816 and 16642.
106
Calculate the highest common divisor of 58990 and 10.
10
What is the highest common divisor of 16000 and 80800?
800
Calculate the greatest common divisor of 11020 and 23940.
380
What is the greatest common divisor of 57 and 289579?
19
What is the greatest common divisor of 224 and 75488?
224
Calculate the highest common divisor of 14307 and 12299.
251
Calculate the highest common divisor of 270 and 864.
54
What is the greatest common divisor of 585187 and 6665?
1333
Calculate the highest common divisor of 190 and 41580.
10
What is the greatest common divisor of 1428 and 66591?
21
What is the highest common divisor of 37904 and 552?
184
What is the highest common divisor of 5339 and 57?
19
What is the greatest common divisor of 2484 and 13133?
23
What is the greatest common factor of 352 and 67760?
176
Calculate the greatest common factor of 214323 and 597.
597
Calculate the highest common divisor of 1392 and 35608.
8
What is the highest common factor of 12857640 and 20?
20
Calculate the highest common divisor of 176137 and 221.
221
Calculate the greatest common divisor of 45408 and 1548.
516
What is the greatest common divisor of 3875647 and 58?
29
What is the greatest common divisor of 198 and 18909?
99
Calculate the highest common divisor of 6463 and 23.
23
Calculate the greatest common divisor of 131 and 12061.
1
Calculate the greatest common factor of 893 and 9082.
19
What is the highest common factor of 87894 and 1824?
114
What is the greatest common divisor of 328800 and 1800?
600
What is the highest common factor of 5037 and 759?
69
Calculate the greatest common divisor of 27 and 21843.
27
What is the greatest common divisor of 6942 and 1092?
78
What is the highest common factor of 8350425 and 9?
9
Calculate the greatest common divisor of 6 and 93354.
6
What is the greatest common factor of 22 and 8261?
11
Calculate the highest common divisor of 93 and 1616619.
93
What is the greatest common factor of 446 and 8123221?
223
Calculate the greatest common factor of 33 and 93.
3
What is the highest common divisor of 5972239 and 91?
91
Calculate the highest common divisor of 38080 and 1540.
140
Calculate the greatest common factor of 3806 and 22490.
346
What is the highest common divisor of 612 and 19567?
17
Calculate the highest common factor of 44911 and 12038.
463
What is the highest common factor of 83573 and 315?
7
Calculate the greatest common divisor of 54406 and 1837.
11
Calculate the greatest common factor of 1512 and 347004.
756
What is the greatest common divisor of 16506 and 252?
126
Calculate the highest common divisor of 5577 and 66.
33
Calculate the greatest common divisor of 114876 and 72.
36
What is the highest common divisor of 11947 and 13?
13
Calculate the greatest common divisor of 120225 and 2775.
75
What is the highest common factor of 18901 and 451?
41
Calculate the highest common divisor of 176 and 2847284.
44
Calculate the greatest common divisor of 8970 and 18915.
195
Calculate the highest common factor of 52519 and 29.
29
What is the greatest common divisor of 322 and 2852?
46
What is the greatest common factor of 47 and 15679?
1
What is the highest common divisor of 88605 and 716?
179
What is the highest common divisor of 813 and 22898145?
813
Calculate the highest common divisor of 11 and 6602651.
11
Calculate the highest common factor of 149 and 99085.
149
Calculate the highest common factor of 16712 and 5960.
8
What is the greatest common factor of 6128 and 832?
16
Calculate the greatest common divisor of 9 and 3092301.
9
Calculate the highest common divisor of 3206 and 238.
14
What is the greatest common factor of 8084 and 4700?
188
Calculate the highest common factor of 230 and 3956.
46
What is the highest common divisor of 131148 and 180?
36
Calculate the highest common factor of 511 and 13213.
73
What is the highest common factor of 909 and 5703?
3
Calculate the greatest common divisor of 44575 and 575909.
1783
What is the highest common divisor of 8477 and 33043?
173
What is the greatest common divisor of 3589 and 55204?
37
What is the highest common factor of 722 and 464246?
722
Calculate the highest common factor of 686851 and 187.
187
What is the 